{"id":171,"date":"2026-02-04T19:05:21","date_gmt":"2026-02-04T19:05:21","guid":{"rendered":"https:\/\/schalker-fanclub-lembeck.com\/?post_type=tribe_events&#038;p=171"},"modified":"2026-02-04T19:05:21","modified_gmt":"2026-02-04T19:05:21","slug":"jahreshauptversammlung-2026","status":"publish","type":"tribe_events","link":"https:\/\/schalker-fanclub-lembeck.com\/?tribe_events=jahreshauptversammlung-2026","title":{"rendered":"Jahreshauptversammlung 2026"},"content":{"rendered":"<p>Sehr geehrtes Fan Club Mitglied,<\/p>\n<p>&nbsp;<\/p>\n<p>hiermit laden wir Dich herzlich zur Jahreshauptversammlung des Schalker-Fan-Club Lembeck e.V. ein. Sie findet am Freitag den 13.02.2026 um 19:30 Uhr (Treffen 19:04 Uhr) in unserem Vereinslokal \u201eK\u00f6sters Bierstuben\u201c statt. Wie immer werden w\u00e4hrend der Versammlung Essen und Freibier aus der Clubkasse spendiert!<\/p>\n<p>Tagesordnung :<br \/>\n1. Begr\u00fc\u00dfung<br \/>\n2. Bericht des Vorstandes<br \/>\n3. Bericht des Kassierers<br \/>\n4. Bericht der Kassenpr\u00fcfer<br \/>\n5. Beschlussfassung \u00fcber vorliegende Antr\u00e4ge<br \/>\n6. Neuwahlen (2.Vorsitzender, 1.Kassierer, 2.Beisitzer)<br \/>\n7. Sonstiges<\/p>\n<p>Antr\u00e4ge an die Versammlung bitten wir bis zum 02.02.2026 schriftlich beim Vorstand einzureichen! F\u00fcr interessierte Schalke Fans besteht die M\u00f6glichkeit an diesem Termin dem Fan-Club beizutreten!<\/p>\n<p>Mit sportlichen Gr\u00fc\u00dfen<br \/>\nder Vorstand des Schalker Fan Club Lembeck e.V.<\/p>\n","protected":false},"excerpt":{"rendered":"<p>Sehr geehrtes Fan Club Mitglied, &nbsp; hiermit laden wir Dich herzlich zur Jahreshauptversammlung des Schalker-Fan-Club Lembeck e.V. ein. Sie findet<\/p>\n<p class=\"readmore\"><a href=\"https:\/\/schalker-fanclub-lembeck.com\/?tribe_events=jahreshauptversammlung-2026\" title=\"Read Jahreshauptversammlung 2026\">Read more &raquo;<\/a><\/p>\n","protected":false},"author":1,"featured_media":0,"template":"","meta":{"_tribe_events_status":"","_tribe_events_status_reason":"","footnotes":""},"tags":[],"tribe_events_cat":[],"_links":{"self":[{"href":"https:\/\/schalker-fanclub-lembeck.com\/index.php?rest_route=\/wp\/v2\/tribe_events\/171"}],"collection":[{"href":"https:\/\/schalker-fanclub-lembeck.com\/index.php?rest_route=\/wp\/v2\/tribe_events"}],"about":[{"href":"https:\/\/schalker-fanclub-lembeck.com\/index.php?rest_route=\/wp\/v2\/types\/tribe_events"}],"author":[{"embeddable":true,"href":"https:\/\/schalker-fanclub-lembeck.com\/index.php?rest_route=\/wp\/v2\/users\/1"}],"version-history":[{"count":1,"href":"https:\/\/schalker-fanclub-lembeck.com\/index.php?rest_route=\/wp\/v2\/tribe_events\/171\/revisions"}],"predecessor-version":[{"id":172,"href":"https:\/\/schalker-fanclub-lembeck.com\/index.php?rest_route=\/wp\/v2\/tribe_events\/171\/revisions\/172"}],"wp:attachment":[{"href":"https:\/\/schalker-fanclub-lembeck.com\/index.php?rest_route=%2Fwp%2Fv2%2Fmedia&parent=171"}],"wp:term":[{"taxonomy":"post_tag","embeddable":true,"href":"https:\/\/schalker-fanclub-lembeck.com\/index.php?rest_route=%2Fwp%2Fv2%2Ftags&post=171"},{"taxonomy":"tribe_events_cat","embeddable":true,"href":"https:\/\/schalker-fanclub-lembeck.com\/index.php?rest_route=%2Fwp%2Fv2%2Ftribe_events_cat&post=171"}],"curies":[{"name":"wp","href":"https:\/\/api.w.org\/{rel}","templated":true}]}}

<p>Sehr geehrtes Fan Club Mitglied,</p>
<p>&nbsp;</p>
<p>hiermit laden wir Dich herzlich zur Jahreshauptversammlung des Schalker-Fan-Club Lembeck e.V. ein. Sie findet am Freitag den 13.02.2026 um 19:30 Uhr (Treffen 19:04 Uhr) in unserem Vereinslokal „Kösters Bierstuben“ statt. Wie immer werden während der Versammlung Essen und Freibier aus der Clubkasse spendiert!</p>
<p>Tagesordnung :<br />
1. Begrüßung<br />
2. Bericht des Vorstandes<br />
3. Bericht des Kassierers<br />
4. Bericht der Kassenprüfer<br />
5. Beschlussfassung über vorliegende Anträge<br />
6. Neuwahlen (2.Vorsitzender, 1.Kassierer, 2.Beisitzer)<br />
7. Sonstiges</p>
<p>Anträge an die Versammlung bitten wir bis zum 02.02.2026 schriftlich beim Vorstand einzureichen! Für interessierte Schalke Fans besteht die Möglichkeit an diesem Termin dem Fan-Club beizutreten!</p>
<p>Mit sportlichen Grüßen<br />
der Vorstand des Schalker Fan Club Lembeck e.V.</p>
